{"id":101,"date":"2021-12-17T15:17:33","date_gmt":"2021-12-17T14:17:33","guid":{"rendered":"https:\/\/sportnazvezaidrija.si\/?page_id=101"},"modified":"2023-03-21T13:32:30","modified_gmt":"2023-03-21T12:32:30","slug":"o-sportni-zvezi-idrija","status":"publish","type":"page","link":"https:\/\/sportnazvezaidrija.si\/?page_id=101","title":{"rendered":"O \u0160ZI"},"content":{"rendered":"\n<blockquote class=\"wp-block-quote is-layout-flow wp-block-quote-is-layout-flow\">\n<p>\u0160portna zveza Idrija, ustanovljena 22. junija 2021, zdru\u017euje \u0161portna dru\u0161tva in klube, ki delujejo v Ob\u010dini Idrija. Osnovni namen zveze je povezovanje \u010dlanov v organizacijskem in strokovnem smislu. \u017deli spodbujati razli\u010dne \u0161portne dejavnosti in aktivno prispevati k razvoju \u0161porta v lokalni skupnosti. Posku\u0161a izbolj\u0161ati polo\u017eaj \u0161porta v lokalnem okolju z organizacijo razli\u010dnih dogodkov (npr. Idrijski \u0161portnik leta, Mini olimpijada, \u0161portne po\u010ditnice, &#8230;) in predstavljati \u0161portnike, \u0161portne delavce in prostovoljce, ki delujejo v razli\u010dnih \u0161portnih dru\u0161tvih.<\/p>\n<\/blockquote>\n\n\n\n<h2 class=\"wp-block-heading\"><strong>Organi \u0160portne zveze Idrija<\/strong><\/h2>\n\n\n\n<ul class=\"wp-block-list\">\n<li><strong><em>Predsedstvo<\/em><\/strong>\n<ul class=\"wp-block-list\">\n<li>David Velikanje- predsednik <\/li>\n\n\n\n<li>Jo\u0161t Lapanje- sekretar <\/li>\n\n\n\n<li>Tine Pav\u0161i\u010d <\/li>\n\n\n\n<li>??? (i\u0161\u010demo novo \u010dlanico ali \u010dlana predsedstva) <\/li>\n\n\n\n<li>Jerneja Tratnik <\/li>\n<\/ul>\n<\/li>\n\n\n\n<li><strong><em>Nadzorni odbor<\/em><\/strong>\n<ul class=\"wp-block-list\">\n<li>Ur\u0161a Jereb<\/li>\n\n\n\n<li>Polona Lampe<\/li>\n\n\n\n<li>Miran Novak<\/li>\n<\/ul>\n<\/li>\n\n\n\n<li><strong><em>Disciplinska komisija<\/em><\/strong>\n<ul class=\"wp-block-list\">\n<li>Sa\u0161o Kav\u010di\u010d<\/li>\n\n\n\n<li>Jernej Sever<\/li>\n\n\n\n<li>Leon Pisk<\/li>\n<\/ul>\n<\/li>\n<\/ul>\n\n\n\n<p><\/p>\n","protected":false},"excerpt":{"rendered":"<p>\u0160portna zveza Idrija, ustanovljena 22. junija 2021, zdru\u017euje \u0161portna dru\u0161tva in klube, ki delujejo v Ob\u010dini Idrija. Osnovni namen zveze je povezovanje \u010dlanov v organizacijskem in strokovnem smislu. \u017deli spodbujati razli\u010dne \u0161portne dejavnosti in aktivno prispevati k razvoju \u0161porta v lokalni skupnosti. Posku\u0161a izbolj\u0161ati polo\u017eaj \u0161porta v lokalnem okolju z organizacijo razli\u010dnih dogodkov (npr. Idrijski&hellip;&nbsp;<a href=\"https:\/\/sportnazvezaidrija.si\/?page_id=101\" rel=\"bookmark\">Preberi ve\u010d &raquo;<span class=\"screen-reader-text\">O \u0160ZI<\/span><\/a><\/p>\n","protected":false},"author":1,"featured_media":0,"parent":0,"menu_order":0,"comment_status":"closed","ping_status":"closed","template":"","meta":{"neve_meta_sidebar":"","neve_meta_container":"","neve_meta_enable_content_width":"","neve_meta_content_width":0,"neve_meta_title_alignment":"","neve_meta_author_avatar":"","neve_post_elements_order":"","neve_meta_disable_header":"","neve_meta_disable_footer":"","neve_meta_disable_title":"","footnotes":""},"class_list":["post-101","page","type-page","status-publish","hentry"],"_links":{"self":[{"href":"https:\/\/sportnazvezaidrija.si\/index.php?rest_route=\/wp\/v2\/pages\/101","targetHints":{"allow":["GET"]}}],"collection":[{"href":"https:\/\/sportnazvezaidrija.si\/index.php?rest_route=\/wp\/v2\/pages"}],"about":[{"href":"https:\/\/sportnazvezaidrija.si\/index.php?rest_route=\/wp\/v2\/types\/page"}],"author":[{"embeddable":true,"href":"https:\/\/sportnazvezaidrija.si\/index.php?rest_route=\/wp\/v2\/users\/1"}],"replies":[{"embeddable":true,"href":"https:\/\/sportnazvezaidrija.si\/index.php?rest_route=%2Fwp%2Fv2%2Fcomments&post=101"}],"version-history":[{"count":6,"href":"https:\/\/sportnazvezaidrija.si\/index.php?rest_route=\/wp\/v2\/pages\/101\/revisions"}],"predecessor-version":[{"id":479,"href":"https:\/\/sportnazvezaidrija.si\/index.php?rest_route=\/wp\/v2\/pages\/101\/revisions\/479"}],"wp:attachment":[{"href":"https:\/\/sportnazvezaidrija.si\/index.php?rest_route=%2Fwp%2Fv2%2Fmedia&parent=101"}],"curies":[{"name":"wp","href":"https:\/\/api.w.org\/{rel}","templated":true}]}}